{"id":1268,"date":"2024-01-10T14:50:56","date_gmt":"2024-01-10T14:50:56","guid":{"rendered":"https:\/\/snuu.kapsi.fi\/saranorja\/?page_id=1268"},"modified":"2024-01-10T14:50:56","modified_gmt":"2024-01-10T14:50:56","slug":"romaanit","status":"publish","type":"page","link":"https:\/\/snuu.kapsi.fi\/saranorja\/romaanit\/","title":{"rendered":"Romaanit"},"content":{"rendered":"\n<p>2023. <em><a href=\"https:\/\/holvi.com\/shop\/nysalor-kustannus\/product\/6cb4c3d1bcaa36f38ebc83327a2f0f5a\/\">Kummajaisten kes\u00e4<\/a><\/em>. S\u00e4eromaani (Nysalor-kustannus).<\/p>\n\n\n\n<figure class=\"wp-block-image size-full is-resized\"><img loading=\"lazy\" decoding=\"async\" width=\"582\" height=\"817\" src=\"https:\/\/snuu.kapsi.fi\/saranorja\/wp-content\/uploads\/2024\/01\/kumk-kansi.jpg\" alt=\"Kummajaisten kes\u00e4n kansi\" class=\"wp-image-1261\" style=\"width:365px\" srcset=\"https:\/\/snuu.kapsi.fi\/saranorja\/wp-content\/uploads\/2024\/01\/kumk-kansi.jpg 582w, https:\/\/snuu.kapsi.fi\/saranorja\/wp-content\/uploads\/2024\/01\/kumk-kansi-214x300.jpg 214w\" sizes=\"auto, (max-width: 582px) 100vw, 582px\" \/><\/figure>\n\n\n\n<p><\/p>\n\n\n\n<blockquote class=\"wp-block-quote is-layout-flow wp-block-quote-is-layout-flow\">\n<p>En ole ollut t\u00e4\u00e4ll\u00e4 vuosikausiin<br>vaikka kaipaus on soitellut sielussa \u2013 <br>en ole pystynyt. Liikaa muistoja,<br>hauraita kes\u00e4muistoja<br>joita mummin tauti on sittemmin tahrinut<\/p>\n<\/blockquote>\n\n\n\n<p>Kanerva on perinyt Alzheimeriin menehtyneen mumminsa kes\u00e4m\u00f6kin. Mummin tavarat on perattava l\u00e4pi ja tunteita k\u00e4sitelt\u00e4v\u00e4. M\u00f6kill\u00e4 Kanerva kohtaa kummia: saari kuhisee taikaolentoja, eik\u00e4 mik\u00e4\u00e4n ole kuin ennen. H\u00e4n joutuu my\u00f6s muuttamaan mielikuviaan mummistaan. Oliko mummin taikausko vanhuksen h\u00f6pin\u00e4\u00e4 vai oikeaa taikuutta? Ja voiko olla, ettei Kanerva ole sukunsa ainoa sateenkaari-ihminen?<\/p>\n\n\n\n<p>Siikaj\u00e4rven m\u00f6kill\u00e4, m\u00e4ntyjen ja syvien taikojen keskell\u00e4 Kanerva kohtaa haltijoita, mets\u00e4nhenki\u00e4 ja perheens\u00e4 todellisen historian. M\u00f6kin sein\u00e4ll\u00e4 kujeilee ukin viulu, joka kutsuu uskaltamaan musiikintekoon. El\u00e4m\u00e4n suunta voi muuttua yhdess\u00e4 kes\u00e4ss\u00e4.<\/p>\n\n\n\n<p><em>Kummajaisten kes\u00e4 <\/em>on aikuisille suunnattu s\u00e4eromaani, jossa suomalainen kansanperinne ja m\u00f6kkimaisema yhdistyv\u00e4t iso\u00e4idin kuoleman k\u00e4sittelyyn.<\/p>\n\n\n\n<p><strong><em>Kummajaisten kes\u00e4n <\/em>voi tilata <a href=\"https:\/\/holvi.com\/shop\/nysalor-kustannus\/product\/6cb4c3d1bcaa36f38ebc83327a2f0f5a\/\">Nysalorin verkkokaupasta<\/a>.<\/strong><\/p>\n","protected":false},"excerpt":{"rendered":"<p>2023. Kummajaisten kes\u00e4. S\u00e4eromaani (Nysalor-kustannus). En ole ollut t\u00e4\u00e4ll\u00e4 vuosikausiinvaikka kaipaus on soitellut sielussa \u2013 en ole pystynyt. Liikaa muistoja,hauraita kes\u00e4muistojajoita mummin tauti on sittemmin tahrinut Kanerva on perinyt Alzheimeriin menehtyneen mumminsa kes\u00e4m\u00f6kin. Mummin tavarat on perattava l\u00e4pi ja tunteita k\u00e4sitelt\u00e4v\u00e4. M\u00f6kill\u00e4 Kanerva kohtaa kummia: saari kuhisee taikaolentoja, eik\u00e4 mik\u00e4\u00e4n ole kuin ennen. H\u00e4n joutuu [&hellip;]<\/p>\n","protected":false},"author":1,"featured_media":0,"parent":0,"menu_order":0,"comment_status":"closed","ping_status":"closed","template":"","meta":{"footnotes":""},"class_list":["post-1268","page","type-page","status-publish","hentry"],"_links":{"self":[{"href":"https:\/\/snuu.kapsi.fi\/saranorja\/wp-json\/wp\/v2\/pages\/1268","targetHints":{"allow":["GET"]}}],"collection":[{"href":"https:\/\/snuu.kapsi.fi\/saranorja\/wp-json\/wp\/v2\/pages"}],"about":[{"href":"https:\/\/snuu.kapsi.fi\/saranorja\/wp-json\/wp\/v2\/types\/page"}],"author":[{"embeddable":true,"href":"https:\/\/snuu.kapsi.fi\/saranorja\/wp-json\/wp\/v2\/users\/1"}],"replies":[{"embeddable":true,"href":"https:\/\/snuu.kapsi.fi\/saranorja\/wp-json\/wp\/v2\/comments?post=1268"}],"version-history":[{"count":5,"href":"https:\/\/snuu.kapsi.fi\/saranorja\/wp-json\/wp\/v2\/pages\/1268\/revisions"}],"predecessor-version":[{"id":1273,"href":"https:\/\/snuu.kapsi.fi\/saranorja\/wp-json\/wp\/v2\/pages\/1268\/revisions\/1273"}],"wp:attachment":[{"href":"https:\/\/snuu.kapsi.fi\/saranorja\/wp-json\/wp\/v2\/media?parent=1268"}],"curies":[{"name":"wp","href":"https:\/\/api.w.org\/{rel}","templated":true}]}}